ime factors of 2/(-8) - (-909)/36?
5
Let a(z) = 4*z**2 - 10*z + 31. List the prime factors of a(9).
5, 53
List the prime factors of 54/(-135) + (-134)/(-10).
13
Suppose 5*a + 19 + 12 = 2*w, -4*a - 23 = -w. List the prime factors of (w - 4)*(2 - 7).
5
Let o(x) = 2*x**2 + 37*x + 26. What are the prime factors of o(-18)?
2
Let b = 1 + 5. List the prime factors of 58/b - (-1)/3.
2, 5
Let a(u) = u**2 + 8*u + 3. Let t be a(-5). List the prime factors of 131/4 - (-9)/t.
2
Suppose 14 = i - 3*o, 2*o = -5*i - 0*i + 2. List the prime factors of i.
2
Let n = -107 - -157. List the prime factors of n.
2, 5
Let a(d) = -223*d**2 - d. Let t be a(-1). What are the prime factors of t/(-12) + (-3)/2?
17
Suppose -2 - 13 = -3*s. Suppose -f + 3 = 4*g, -5*f + 25 = -s*g - 15. List the prime factors of f.
7
Let k be 3 - 0 - (-2 - -5). Suppose k = -2*h + 3*h + 2. What are the prime factors of 4*(h - 63/(-12))?
13
Let n be 1/((-1 + 0)/(-2)). Suppose 52 = -n*j + 6*j. List the prime factors of j.
13
Let b be (2/(-6))/((-1)/15). Let v(r) = 5*r - 5. Let u be v(b). Suppose -2*t - 5*m = -4 - 0, 5*m + u = 0. What are the prime factors of t?
2, 3
Let d(o) = o**3 + 4*o**2 + 3*o. Let z be d(-2). Suppose r = z*r - 28. What are the prime factors of r?
2, 7
Let a = 154 - 84. List the prime factors of a.
2, 5, 7
Suppose -6*b + 2*b + 24 = 0. What are the prime factors of b?
2, 3
Suppose 32 = t - 37. Suppose 0 = -5*y + 5*k + 105, k + t = y + 2*y. List the prime factors of y.
2, 3
Suppose -2*n + 172 = -10. List the prime factors of n.
7, 13
What are the prime factors of 340/12 + 4/6?
29
Suppose -2*w - 4*t + 314 = 0, 5*w - 2*t - 850 = t. What are the prime factors of w?
167
Suppose -z = 5*x + 15, -12 = -5*x - 32. Let y = z + -1. What are the prime factors of y?
2
Suppose -4*z + 150 = -2*a, -5*z + 3*a = -2*z - 120. What are the prime factors of z?
5, 7
Suppose 0 = -5*f + 4*n + 2 + 5, 3*n - 9 = -f. Suppose 4*k + 0*k + 16 = 0, -127 = -f*m + k. What are the prime factors of m?
41
Suppose 2*d = 17 + 13. Suppose -2*q + d = -2*t - 17, -2*q + 40 = -4*t. What are the prime factors of q?
2, 3
Suppose 3*a = a + 32. List the prime factors of a.
2
Let w(b) be the first derivative of -b**4/4 + 4*b**3 - 5*b**2 + 5*b + 5. What are the prime factors of w(11)?
2
Let t(x) = -13*x. Suppose -u - 2 = -1. List the prime factors of t(u).
13
Let r(t) = 3*t**2 - 1. Let u be r(-1). Suppose u*f - 33 = -f. Let h = f + -7. List the prime factors of h.
2
Let g = 145 - 77. List the prime factors of g.
2, 17
List the prime factors of 116/3 - (-2)/(-3).
2, 19
Let u = -30 + 85. Suppose u = -0*x + 5*x. Let c = -7 + x. List the prime factors of c.
2
Suppose 2*d + 410 = 7*d. List the prime factors of d.
2, 41
Let m(b) = -3*b**2 - b + 4. Let t(w) = -3*w**2 - 2*w + 3. Let v(q) = -3*m(q) + 4*t(q). Let l be v(-4). Let c = 40 + l. List the prime factors of c.
2, 3
Suppose -3 = -z - d, d + 15 = 5*z - 4*d. Suppose 43 = z*v - 2. What are the prime factors of v?
3, 5
Suppose 4*i + 12 = 0, -4*w - 7*i = -2*i - 849. List the prime factors of 3/(-3 - w/(-70)).
5, 7
Let o(x) = -2*x + 10. Let l(g) = -g**3 + g**2 - g + 1. Let q be l(1). What are the prime factors of o(q)?
2, 5
Suppose -3*y = 2*j - 140, 2*j + 2*y = -0*j + 144. List the prime factors of j.
2, 19
Suppose -4*w - 488 = -1344. List the prime factors of w.
2, 107
Let c = -18 + -1. Let y = -1 - c. Suppose -2*d + w + y = 0, -3*d - 4*w + 37 = 10. What are the prime factors of d?
3
Let k be (-2)/9 - 110/(-9). Suppose 0 = -h - h + k. List the prime factors of h.
2, 3
Suppose 0 = 4*g + 4*i - 8, -3*i = -7*g + 2*g + 26. Suppose 4*s - 2*y - 2*y - 4 = 0, -g*y = -3*s + 1. Suppose s*h - 10 = 2*h. What are the prime factors of h?
2, 5
Let c(b) = -b**2 - 2*b + 4. Let o be c(-4). Let m be (-468)/(-48) - 6/8. Let k = o + m. What are the prime factors of k?
5
Let l(j) = -5*j + 8. Let y be l(6). Let o = -7 - y. What are the prime factors of o?
3, 5
Let u = 4 + -6. Let y = 21 + u. Suppose -5*v - 20 = 0, -i - 2*i + v + y = 0. What are the prime factors of i?
5
What are the prime factors of (15 - 5)/(2/3)?
3, 5
Let h = 217 - 54. List the prime factors of h.
163
Let d be (-4)/(-5)*(-5)/(-1). Suppose -2*v - d*a = -3*a - 33, -5*v + 2*a + 69 = 0. List the prime factors of v.
3, 5
Suppose 3*h + 6 - 18 = 0. Suppose -4*f - 4 = 2*c - 76, h*c - 24 = -2*f. List the prime factors of f.
2, 5
Let i = 23 + 1. List the prime factors of 5*9*i/20.
2, 3
Suppose -5*d - 2*g = -0*g - 65, 2*g = 0. What are the prime factors of d?
13
Let w be 147/1 + 6/2. Suppose 5*t + 3*o = 203, 18 = 4*t + o - w. List the prime factors of t.
43
Let a = -2 + 3. Let f = a + 1. What are the prime factors of f?
2
Let v(b) = -b**3 + 6*b**2 + 4*b + 1. What are the prime factors of v(6)?
5
Let q(b) be the first derivative of -11*b**7/840 - b**5/60 - b**4/24 + 4*b**3/3 + 3. Let r(c) be the third derivative of q(c). List the prime factors of r(-1).
2, 3
Suppose -4*f + 2*s = -2*s - 36, 0 = 4*f - 5*s - 36. List the prime factors of f.
3
Let f = 193 + -131. What are the prime factors of f?
2, 31
Let k = -4 + 6. Suppose 27 = t + k*t. Let u = 21 - t. List the prime factors of u.
2, 3
Suppose -5*p - 4 - 11 = 0, -3*p = 4*b - 711. What are the prime factors of b?
2, 3, 5
Let d(y) = y**2 + y - 3. Let z be d(-4). Let m be (3/z)/(1/15). Suppose l = m - 0. List the prime factors of l.
5
Suppose 1060 = -0*z + 5*z. List the prime factors of z.
2, 53
Let p = 35 + 34. List the prime factors of p.
3, 23
Suppose 3*m + 14 = 3*s - 1, -2*s + 18 = 2*m. Let u = -23 - s. List the prime factors of ((-36)/u)/(6/100).
2, 5
Let y(f) = 32*f**2 + f. Suppose -4*s - 1 = 3. What are the prime factors of y(s)?
31
Let t = 46 + -67. List the prime factors of t/9*(-15)/5.
7
Let h(x) = x. Let b(j) = -j**2 + 6*j - 6. Let a(r) = -b(r) - 2*h(r). What are the prime factors of a(8)?
2, 3
List the prime factors of 1*(22/4 - -4)*14.
7, 19
Let f = -8 + 7. What are the prime factors of f + (1 - 2)*-12?
11
Let o(c) be the first derivative of c**2/2 + 1. Let x be o(1). List the prime factors of (-1)/((-3)/6*x).
2
Let p be ((-30)/8)/((-2)/16). Suppose 4*w - 58 - p = 0. What are the prime factors of w?
2, 11
Suppose 4*k + k - 80 = 0. Suppose 50 - k = q. What are the prime factors of q?
2, 17
List the prime factors of (5/(-1))/((-3)/24).
2, 5
Let t be 784/77 + (-2)/11. Let z be 5/(((-1)/t)/1). Let m = -34 - z. What are the prime factors of m?
2
Suppose 0 = 6*h - 326 - 292. What are the prime factors of h?
103
Let k = 406 - 136. List the prime factors of k.
2, 3, 5
Let g be (-2 - (-3)/(-6))*-2. Let o(b) be the first derivative of b**4/4 - 4*b**3/3 - b**2 + 4. List the prime factors of o(g).
3, 5
Let x(w) = -w**3 + 1. Let n(q) = q**3 + 3*q**2 - 2. Let s = 4 + -7. Let u be n(s). List the prime factors of x(u).
3
Let c = -58 - -154. What are the prime factors of c?
2, 3
Let c = 196 - 141. List the prime factors of c.
5, 11
Let w(r) be the third derivative of r**5/30 + 7*r**4/8 - r**3/3 - 8*r**2. What are the prime factors of w(-11)?
3
Suppose -3*t + 2 = -f, 0 = 3*t + 5*f - 4*f + 2. Let a = -3 + 8. Suppose 4*i - a*s - 43 = t, 2*s - 25 = -3*s. What are the prime factors of i?
17
Suppose 0 = 4*k + c - 33, -5*k - 2*c + 40 = -2. Let a(h) be the first derivative of -h**3/3 + 5*h**2 - 10*h + 2. List the prime factors of a(k).
2, 3
Let y = 49 + -10. What are the prime factors of y?
3, 13
Let t = 0 - -43. List the prime factors of t.
43
List the prime factors of 114/4 - 2/(-4).
29
Let r(l) = 11*l - 9. List the prime factors of r(2).
13
Let a = 104 + -62. Suppose -4*h + 26 = r, a = 2*r - 4*h + 2*h. What are the prime factors of r?
2, 11
Let t(k) be the second derivative of k + 5/3*k**3 + 0 + 1/2*k**2. What are the prime factors of t(1)?
11
Let a(q) = -q**3 - 16*q**2 - 20*q - 5. What are the prime factors of a(-15)?
2, 5, 7
Suppose -9*c - 486 = -11*c. List the prime factors of c.
3
Suppose -2*j + 5*j = 339. Suppose 4*n = j - 5. Suppose 3*o = -0*o + n. List the prime factors of o.
3
Let t = 4 + -6. Let b be t/7 - 18/(-14). Let i = 4 - b. List the prime factors of i.
3
Let m(d) = d**2 - 14*d + 6. Let t be m(12). Let s = t - -35. List the prime factors of s.
17
What are the prime factors of ((-8)/10)/((-12)/30)?
2
Suppose -4*y + 3 = -3*z, z + 4*z - 2*y - 9 = 0. What are the prime factors of z/5 + (-227)/(-5)?
2, 